Determine d(-4).
-6
Let u(o) = o**3 - 8*o**2 + o - 9. What is u(8)?
-1
Let h(o) = -o**3 + 2*o**2 + 4*o + 13. Give h(4).
-3
Let v(c) = -3*c - 34. Give v(-12).
2
Let x(a) = 16*a - 78. Determine x(5).
2
Let c(r) = r**2 - 6*r + 10. Determine c(5).
5
Let s(w) = -w**2 - 7*w - 1. Determine s(-10).
-31
Let i(q) = -2*q + 15. What is i(12)?
-9
Let x(p) = p**2 + 16*p - 21. Calculate x(-14).
-49
Let d(v) = -v + 2. Give d(-12).
14
Let r(o) = o + 55. Give r(0).
55
Let w(k) = 22*k**3 - k + 1. Give w(1).
22
Let f(u) = 3*u**2 - 28*u - 20. Calculate f(9).
-29
Let p(b) = 4*b - 2. Calculate p(1).
2
Let z(b) = 2*b**2 + b + 4. Give z(3).
25
Let t(i) = 22*i**2 - 4*i. Determine t(-1).
26
Let t(c) = c**3 - 2*c**2 - 3*c - 4. Give t(-3).
-40
Let g(d) = -d**2 - 41*d - 211. Calculate g(-6).
-1
Let t(a) = a - 17. Give t(10).
-7
Let q(r) = -r**2 + 23*r - 121. What is q(15)?
-1
Let d(p) = -p**3 + 9*p**2 - 3*p + 5. What is d(9)?
-22
Let d(l) = l**3 - 5*l**2 - 31*l + 45. Determine d(8).
-11
Let z(l) = 11*l + 764. Calculate z(-70).
-6
Let u(z) = z**2 + 23*z + 51. Calculate u(-16).
-61
Let g(n) = -22*n**3 - 2*n**2 + 2*n - 1. Determine g(1).
-23
Let f(n) = -2*n + 6. Calculate f(5).
-4
Let u(n) = -n - 23. Calculate u(-11).
-12
Let l(t) = t - 11. Calculate l(10).
-1
Let h(p) = 2*p**2 - 28*p - 4. Give h(14).
-4
Let x(i) = i**2 + 15*i + 45. What is x(-9)?
-9
Let u(l) = 5*l + 3. Determine u(-2).
-7
Let d(g) = -g**3 + 21*g**2 + 27*g - 105. Give d(22).
5
Let b(f) = -3*f - 4. What is b(-4)?
8
Let t(n) = -n**2 + 5*n - 11. Determine t(6).
-17
Let n(p) = 12*p**3 + 108*p**2 - 2*p - 13. What is n(-9)?
5
Let f(x) = -4*x - 15. What is f(-5)?
5
Let q(n) = -8*n**2. What is q(1)?
-8
Let w(l) = 3*l**2 - 1. What is w(1)?
2
Let g(y) = 3*y + 3. Determine g(-5).
-12
Let s(k) = 23*k - 20. Calculate s(2).
26
Let k(n) = -40*n - 5. Calculate k(1).
-45
Let b(j) = 2*j**2 - 8*j - 52. Calculate b(-4).
12
Let k(z) = z**3 + 5*z**2 - z - 3. What is k(-5)?
2
Let k(d) = -3*d**2 + 6*d + 28. Calculate k(-3).
-17
Let u(w) = -w**3 + 11*w**2 - 12*w + 12. Determine u(10).
-8
Let h(c) = 16*c - 18. What is h(4)?
46
Let b(v) = -7*v - 2. What is b(-2)?
12
Let s(x) = -8*x - 21. What is s(-6)?
27
Let p(l) = -l**2 + 12*l + 9. What is p(11)?
20
Let a(t) = -t**3 - 25*t**2 - 28*t - 58. What is a(-24)?
38
Let a(i) = i**3 - 10*i**2 + 10*i - 27. Determine a(9).
-18
Let n(u) = -u**3 - 7*u**2 + 7*u - 6. Calculate n(-8).
2
Let u(a) = 6*a + 7. Determine u(-10).
-53
Let w(b) = -b**2 - 55*b - 699. What is w(-35)?
1
Let b(f) = f**3 - 7*f**2 - 2*f + 14. Give b(7).
0
Let t(r) = r**2 + r + 6. Determine t(0).
6
Let j(s) = -s**3 - 17*s**2 - 28*s + 16. Give j(-15).
-14
Let r(s) = 31*s. Give r(-1).
-31
Let c(q) = -q**2 + 4*q - 5. What is c(8)?
-37
Let g(b) = -b - 4. Calculate g(-7).
3
Let z(f) = f + 12. Calculate z(-9).
3
Let k(u) = 2*u**3 + 4*u**2 - 4. Determine k(-4).
-68
Let u(z) = z**2 + 7*z - 41. What is u(4)?
3
Let x(n) = -n**3 - 6*n**2 - 4*n + 11. What is x(-5)?
6
Let f(s) = -7*s**3 - 2*s**2 - 2*s - 1. Calculate f(-1).
6
Let s(a) = -a**3 - 35*a**2 - 31*a + 94. What is s(-34)?
-8
Let v(i) = i + 4. Calculate v(-2).
2
Let f(i) = -i**2 - 12*i - 13. Give f(-12).
-13
Let z(h) = 2*h - 8. Calculate z(13).
18
Let a(d) = 9*d**2 - 2*d - 1. Determine a(-1).
10
Let l(b) = -b**2 + 10*b - 11. Calculate l(7).
10
Let z(s) = -4*s - 38. Give z(-11).
6
Let l(p) = -10*p - 4. What is l(-9)?
86
Let g(c) = -c**3 + 12*c**2 - c + 9. Calculate g(12).
-3
Let f(v) = -v**3 - 6*v**2 - 4*v + 6. Determine f(-5).
1
Let k(x) = x**2 + 2*x + 5. Give k(-4).
13
Let h(a) = 2*a**3 + 83*a**2 + 119*a - 38. Determine h(-40).
2
Let h(z) = 9*z**2 + 63*z + 6. Give h(-7).
6
Let u(c) = c**3 + 6*c**2 + 7*c + 22. Calculate u(-5).
12
Let b(a) = 5*a**2 + 3*a - 163. Give b(-6).
-1
Let j(g) = g**3 + 11*g**2 - 12*g - 5. Calculate j(-12).
-5
Let y(b) = 51*b + 207. Determine y(-4).
3
Let a(t) = 2*t**2 - 37*t + 53. Give a(17).
2
Let s(x) = 140*x + 700. Calculate s(-5).
0
Let t(b) = -b**3 - 9*b**2 - 17*b - 4. What is t(-4)?
-16
Let j(z) = 6*z**2 - 74*z + 17. What is j(12)?
-7
Let p(r) = r + 24. Give p(10).
34
Let q(o) = -23*o + 166. What is q(7)?
5
Let m(x) = -x**3 + 6*x**2 - 4*x + 3. What is m(4)?
19
Let i(y) = 2*y**2 + 18*y - 42. What is i(-11)?
2
Let z(r) = -3*r**2 - 3*r - 3. Give z(-2).
-9
Let i(c) = -c**2 + 13*c - 1. Determine i(12).
11
Let v(w) = -w - 10. What is v(5)?
-15
Let q(u) = u**3 + 3*u**2 - u - 2. Calculate q(-3).
1
Let y(a) = 6*a**2 - 3*a + 2. Calculate y(1).
5
Let s(q) = 2*q + 34. Calculate s(-15).
4
Let q(g) = -g - 10. Give q(-8).
-2
Let u(s) = -s**3 - 9*s**2 - 9*s + 10. Calculate u(-7).
-25
Let w(p) = -7*p**2 + 3*p + 1. Determine w(-3).
-71
Let i(y) = y - 24. Determine i(24).
0
Let p(m) = m**2 - 12. What is p(3)?
-3
Let j(b) = -b**3 - 3*b**2 + 4*b + 6. What is j(-4)?
6
Let v(n) = 13*n + 113. What is v(-9)?
-4
Let y(r) = 22*r - 47. What is y(5)?
63
Let c(y) = y**2 - 4*y - 4. Give c(3).
-7
Let v(i) = i**3 - 24*i**2 + 2*i - 18. Calculate v(24).
30
Let p(n) = -n**3 + 13*n**2 - 13*n + 2. Give p(12).
-10
Let k(m) = 6*m - 38. Determine k(-6).
-74
Let r(z) = z**3 + 86*z**2 + 84*z - 87. Calculate r(-85).
-2
Let o(u) = 17*u - 53. Determine o(3).
-2
Let z(o) = -12*o. Calculate z(3).
-36
Let i(y) = y**2 + 8*y - 26. What is i(-9)?
-17
Let r(g) = g**3 - 8*g**2 - 12*g + 5. Determine r(9).
-22
Let t(z) = z**2 + 3*z + 2. Calculate t(-1).
0
Let x(a) = -3*a - 28. Calculate x(-10).
2
Let j(s) = s**3 + 9*s**2 + 8*s + 8. Determine j(-8).
8
Let l(z) = z**2 - 12*z + 13. Give l(2).
-7
Let g(t) = t**3 + 13*t**2 + 15*t + 1. What is g(-11)?
78
Let s(g) = g**2 - 4*g - 4. What is s(8)?
28
Let o(c) = 3*c - 2. Determine o(5).
13
Let f(j) = j**3 + 7*j**2 + 5*j - 13. Calculate f(-6).
-7
Let w(t) = t**2 + 7*t - 4. Give w(-7).
-4
Let k(i) = -6*i + 1. What is k(-3)?
19
Let w(u) = 3*u**3 - 4*u**2 + 2*u + 2. What is w(2)?
14
Let i(y) = y**3 - 7*y**2 + 7. What is i(7)?
7
Let o(y) = -2*y**2 - 3*y + 2. What is o(-3)?
-7
Let n(i) = -i**3 - 3*i**2 - i + 4. Calculate n(-4).
24
Let f(s) = -32*s - 155. Give f(-5).
5
Let j(n) = 6*n**3 - 2*n**2 - 7*n + 16. Give j(3).
139
Let r(p) = -p**3 + p**2 + 6*p - 11. Give r(3).
-11
Let g(f) = -63*f + 295. Give g(5).
-20
Let b(l) = 2*l**3 - l**2 + l - 1. Calculate b(2).
13
Let w(a) = 2*a**3 + 6*a**2 + 5*a - 5. Calculate w(-3).
-20
Let q(v) = 11*v**2 - 2. Calculate q(-1).
9
Let f(c) = c**3 + 7*c**2 + 8*c + 4. Give f(-6).
-8
Let h(p) = p**3 + 8*p**2 + 18*p + 71. Calculate h(-7).
-6
Let t(s) = s**3 + 19*s**2 - 17*s + 66. Calculate t(-20).
6
Let g(k) = -k**2 - 36*k + 299. Calculate g(-43).
-2
Let b(a) = a**2 - 39*a - 1. Give b(39).
-1
Let k(r) = -6*r - 4. Give k(-2).
8
Let k(j) = -j - 5. Determine k(-6).
1
Let v(i) = i**2 + 2*i - 1. Calculate v(1).
2
Let q(s) = -6*s + 70. What is q(11)?
4
Let p(v) = 3*v + 2. Give p(2).
8
Let t(k) = -8*k - 2. Determine t(-1).
6
Let y(u) = u**2 - 7*u - 27. What is y(10)?
3
Let d(b) = b**2 - 7*b + 1. Determine d(8).
9
Let c(i) = i**2 + 33*i - 50. Calculate c(-34).
-16
Let a(m) = 2*m**2 + 7*m + 8. What is a(-5)?
23
Let c(v) = -2*v**2 + 38*v - 148. Determine c(14).
-8
Let f(h) = 2*h**3 + 4*h + 7. Give f(-2).
-17
Let v(k) = k**3 - 7*k**2 - 15*k + 47. Give v(8).
-9
Let y(q) = 9*q + 2. Determine y(2).
20
Let t(g) = -g**3 + g**2 - g. What is t(0)?
0
Let h(s) = 2*s + 29. Determine h(-15).
-1
Let h(c) = -16*c - 1. Determine h(2).
-33
Let u(b) = b**3 + 10*b**2 - 4*b - 110. What is u(-9)?
7
Let v(s) = 2*s + 47. Calculate v(-20).
7
Let k(s) = 13*s - 767. Give k(59).
0
Let g(x) = -20*x + 48. Calculate g(4).
-32
Let r(p) = p**3 - 6*p**2 + 2*p - 2. Determine r(6).
10
Let a(p) = -p**2 - 2*p - 2. Calculate a(-1).
-1
Let n(r) = r**3 - r**2 - r. What is n(4)?
44
Let d(r) = r**3 + 5*r**2 - 4*r + 10. What is d(-6)?
-2
Let p(q) = q**2 + 5*q - 86. Give p(-11).
-20
Let y(u) = u + 8. Determine y(-11).
-3
Let p(r) = r**2 - 3*r - 8. Calculate p(-4).
20
Let x(l) = 2*l + 33. Give x(-14).
5
Let n(j) = -j**2 + 23*j - 28. What is n(23)?
-28
Let h(n) = -n**3 + 19*n**2 + 22*n - 40. Give h(20).
0
Let z(o) = o - 7. What is z(3)?
-4
Let s(x) = x**2 - 11*x + 16. What is s(9)?
-2
Let x(o) = -2*o**2 - 14*o + 7. What is x(-8)?
-9
Let p(l) = -l**2 - 14*l + 52. What is p(-16)?
20
Let m(g) = g**2 + 4*g + 12. Determine m(-9).
57
Let d(b) = -2*b**3 + b**2 + 3*b + 3. What is d(-1)?
3
Let v(j) = -17*j - 4